{"id":878,"date":"2020-02-19T13:45:41","date_gmt":"2020-02-19T12:45:41","guid":{"rendered":"http:\/\/131.221.0.35\/?page_id=878"},"modified":"2020-04-13T22:57:09","modified_gmt":"2020-04-13T20:57:09","slug":"actividades-escolares","status":"publish","type":"page","link":"https:\/\/sabato.unicen.edu.ar\/?page_id=878","title":{"rendered":"Actividades Escolares"},"content":{"rendered":"<div id=\"pl-878\"  class=\"panel-layout\" ><div id=\"pg-878-0\"  class=\"panel-grid panel-no-style\" ><div id=\"pgc-878-0-0\"  class=\"panel-grid-cell\" ><div id=\"panel-878-0-0-0\" class=\"so-panel widget widget_master-slider-main-widget master-slider-main-widget panel-first-child panel-last-child\" data-index=\"0\" >\n\t\t<!-- MasterSlider -->\n\t\t<div id=\"P_MS69e3024db07c2\" class=\"master-slider-parent msl ms-parent-id-1\"  >\n\n\t\t\t\n\t\t\t<!-- MasterSlider Main -->\n\t\t\t<div id=\"MS69e3024db07c2\" class=\"master-slider ms-skin-default\" >\n\t\t\t\t \t\t\t\t \n\t\t\t\t<div  class=\"ms-slide\" data-delay=\"3\" data-fill-mode=\"fill\"  >\n\t\t\t\t\t<img decoding=\"async\" src=\"https:\/\/sabato.unicen.edu.ar\/wp-content\/plugins\/master-slider\/public\/assets\/css\/blank.gif\" alt=\"\" title=\"\" data-src=\"https:\/\/sabato.unicen.edu.ar\/wp-content\/uploads\/2019\/08\/cropped-DSCN6534-1024x635-1000x420.jpg\" \/>\n\n\n\t<div class=\"ms-thumb\" ><div class=\"ms-tab-context\"><div class=&quot;ms-tab-context&quot;><\/div><\/div>\n<\/div>\n\t\t\t\t<\/div>\n\t\t\t\t<div  class=\"ms-slide\" data-delay=\"3\" data-fill-mode=\"fill\"  >\n\t\t\t\t\t<img decoding=\"async\" src=\"https:\/\/sabato.unicen.edu.ar\/wp-content\/plugins\/master-slider\/public\/assets\/css\/blank.gif\" alt=\"\" title=\"\" data-src=\"https:\/\/sabato.unicen.edu.ar\/wp-content\/uploads\/2019\/08\/cropped-DSCN6563-1024x692-1000x420.jpg\" \/>\n\n\n\t<div class=\"ms-thumb\" ><div class=\"ms-tab-context\"><div class=&quot;ms-tab-context&quot;><\/div><\/div>\n<\/div>\n\t\t\t\t<\/div>\n\n\t\t\t<\/div>\n\t\t\t<!-- END MasterSlider Main -->\n\n\t\t\t \n\t\t<\/div>\n\t\t<!-- END MasterSlider -->\n\n\t\t<script>\n\t\t(function ( $ ) {\n\t\t\t\"use strict\";\n\n\t\t\t$(function () {\n\t\t\t\tvar masterslider_07c2 = new MasterSlider();\n\n\t\t\t\t\/\/ slider controls\n\n\t\t\t\t\/\/ slider setup\n\t\t\t\tmasterslider_07c2.setup(\"MS69e3024db07c2\", {\n\t\t\t\t\t\twidth           : 1000,\n\t\t\t\t\t\theight          : 420,\n\t\t\t\t\t\tminHeight       : 450,\n\t\t\t\t\t\tspace           : 0,\n\t\t\t\t\t\tstart           : 1,\n\t\t\t\t\t\tgrabCursor      : true,\n\t\t\t\t\t\tswipe           : true,\n\t\t\t\t\t\tmouse           : true,\n\t\t\t\t\t\tlayout          : \"fullwidth\",\n\t\t\t\t\t\twheel           : false,\n\t\t\t\t\t\tautoplay        : true,\n\t\t\t\t\t\tinstantStartLayers:false,\n\t\t\t\t\t\tloop            : false,\n\t\t\t\t\t\tshuffle         : false,\n\t\t\t\t\t\tpreload         : 0,\n\t\t\t\t\t\theightLimit     : true,\n\t\t\t\t\t\tautoHeight      : false,\n\t\t\t\t\t\tsmoothHeight    : true,\n\t\t\t\t\t\tendPause        : false,\n\t\t\t\t\t\toverPause       : false,\n\t\t\t\t\t\tfillMode        : \"fill\",\n\t\t\t\t\t\tcenterControls  : true,\n\t\t\t\t\t\tstartOnAppear   : false,\n\t\t\t\t\t\tlayersMode      : \"center\",\n\t\t\t\t\t\thideLayers      : false,\n\t\t\t\t\t\tfullscreenMargin: 0,\n\t\t\t\t\t\tspeed           : 20,\n\t\t\t\t\t\tdir             : \"h\",\n\t\t\t\t\t\tparallaxMode    : 'swipe',\n\t\t\t\t\t\tview            : \"basic\"\n\t\t\t\t});\n\n\t\t\t\t\n\t\t\t\twindow.masterslider_instances = window.masterslider_instances || [];\n\t\t\t\twindow.masterslider_instances.push( masterslider_07c2 );\n\t\t\t });\n\n\t\t})(jQuery);\n\t\t<\/script>\n\n<\/div><\/div><\/div><div id=\"pg-878-1\"  class=\"panel-grid panel-no-style\" ><div id=\"pgc-878-1-0\"  class=\"panel-grid-cell\" ><div id=\"panel-878-1-0-0\" class=\"so-panel widget widget_text panel-first-child panel-last-child\" data-index=\"1\" >\t\t\t<div class=\"textwidget\"><h2><em>Actividades Escolares<\/em><\/h2>\n<p><strong>Caminata y cocina r\u00fastica en cantera \u00abDos huecos\u00bb<\/strong><\/p>\n<p>El d\u00eda 23 de agosto los alumnos de primer a\u00f1o A asistimos a la Cantera \u201cDos Huecos\u201d en una caminata con los docentes de Educaci\u00f3n F\u00edsica, preceptores y estudiantes del Profesorado de Educaci\u00f3n F\u00edsica.<br \/>\nPartimos de la escuela Ernesto Sabato por la senda aer\u00f3bica del dique hasta la cantera \u201cDos huecos\u201d.Llegamos a las 11:15 hs. aproximadamente, luego de una caminata de 30 minutos por la sierra donde nos tomamos unos minutos para descansar y contemplar el paisaje.<br \/>\nUna vez que llegamos, todos los chicos nos sentamos a escuchar las indicaciones de los docentes sobre c\u00f3mo armar todo, c\u00f3mo prender el fuego, qu\u00e9 cosas buscar, etc. Luego de eso comenzamos a recolectar las ramas, la yesca, las lajas y dem\u00e1s cosas. Cuando ya tuvimos todo, nos juntamos con los grupos que el profesor seleccion\u00f3 para buscar lugar donde armar los fogones para cocinar.<br \/>\nUna vez que todos encontramos nuestro lugar, comenzamos a prender el fuego en un c\u00edrculo formado con piedras alrededor, y con las lajas arriba para poner la comida. Armamos una pir\u00e1mide con la yesca y las ramas, pusimos diario y lo encendimos. As\u00ed cocinamos los bifecitos y disfrutamos de una rica comida al aire libre conect\u00e1ndonos con la naturaleza.<br \/>\nCuando terminamos, apagamos todos los fogones con agua, y recolectamos toda la basura que ten\u00edamos. Luego disfrutamos un poco del lugar, nos sacamos fotos y jugamos un juego con la profesora de educaci\u00f3n f\u00edsica.<br \/>\nEmprendimos el regreso a la escuela a las 14:45 aproximadamente.<br \/>\nLa experiencia fue muy linda porque adem\u00e1s de disfrutar de la naturaleza, nos divertimos todos juntos haciendo la comida y caminando hacia el lugar.<\/p>\n<p align=\"right\">Dolores Go\u00f1i<br \/>\nAlumna de primer a\u00f1o A<\/p>\n<p><strong>Encuentro deportivo con la ESB n\u00ba 16<\/strong><\/p>\n<p>El mi\u00e9rcoles 4 de noviembre 2009 el grupo de Escuela de softbol realizo su primera salida como equipo de la Escuela \u201cErnesto Sabato\u201d en este caso visitamos la EPB n\u00ba 25 y ESB n\u00ba 16 que pertenece a De la Canal. El encuentro estuvo muy animado, los deportistas mostraron sus conocimientos del deporte, los equipos fueron de categor\u00eda mixta y como toda actividad dentro de lo que es el \u00e1mbito de las escuelas rurales, pasa a ser una actividad simple a un gran evento para la Escuela. A poco de comenzar los partidos comenzaron a llegar parte de los grupos que no jugaban, pero que si gustan del deporte, el profesor de la EPB trajo sus alumnos para observar el partido y explicar parte del reglamento, la directora del establecimiento se acerco a saludar y as\u00ed transcurrieron tres horas a puro softbol.<br \/>\nNuestros objetivos fueron:<br \/>\n&#8211; Que los alumnos sean capaces de participar en el dise\u00f1o, organizaci\u00f3n y puesta en acci\u00f3n de proyectos colectivos en torno a actividades motrices, recreativas y deportivas.<br \/>\n&#8211; Consolidar en los alumnos valores \u00e9ticos tales como la solidaridad, la amistad, la cooperaci\u00f3n y el respeto por s\u00ed mismos y por los otros, que se evidencien en actitudes de la vida cotidiana y en grupos de pertenencia utilizando como herramienta los deportes abiertos.<br \/>\nLos alumnos que participaron fueron: Sim\u00f3n Lozano, Mauro Pucheta, Sof\u00eda Perone, Mat\u00edas Rodriguez, Lucia Juaristi, Margarita Argel, Juliana Insua, Antonella Guzm\u00e1n, Mat\u00edas Orellano, Cristian D\u00edaz Lucero, Lucia Farias, Lourdes Guillot, Camila Donoso, Nicol\u00e1s G\u00f3mez, Ignacio Lebr\u00f3n, Paloma Montani, Jos\u00e9 Ortiz, Dolores Heer.<br \/>\nProfesor Mario Romero<\/p>\n<p><em>Aspectos formales de la Instituci\u00f3n que visitamos<\/em><\/p>\n<p>EPB N\u00ba 25 \u201cHip\u00f3lito Yrigoyen\u201d. ESB N\u00ba 16<br \/>\nDistrito escolar Tandil. Regi\u00f3n XX. Provincia de Buenos Aires.<br \/>\nCategor\u00eda: segunda.<br \/>\nClasificaci\u00f3n: desfavorabilidad 1 (uno)<br \/>\nUbicaci\u00f3n: rural.<br \/>\nParaje \u201cEl Molino\u201d s\/n.<br \/>\nGesti\u00f3n estatal Publica.<br \/>\nNivel: Escuela Primaria B\u00e1sica,<br \/>\nNivel: Escuela Secundaria B\u00e1sica.<br \/>\nModalidad de gesti\u00f3n: dos directores.<br \/>\nCantidad de docentes: veintinueve.<br \/>\nCantidad de alumnos:<br \/>\n*E. P. B.: sesenta mujeres y sesenta y ocho varones;<br \/>\n*E. S. B.: veintinueve varones y veintiocho mujeres.<br \/>\nLocalizaci\u00f3n: escuela rural con sede de nucleamiento.<br \/>\nPresenta caracter\u00edsticas suburbanas.<br \/>\nSe encuentra a diez kil\u00f3metros de la ciudad de Tandil.<br \/>\nPosee los siguientes servicios: luz, pavimento hasta la entrada, colectivos con tres horarios espec\u00edficos. Horario de colectivo a la entrada: 8:15 hs. Salida del turno ma\u00f1ana y entrada del turno tarde: 12:45 hs. Salida del turno tarde: 17:00 hs.<br \/>\nSe brinda el servicio de copa de leche para los alumnos de la ma\u00f1ana que lo necesiten y D. M. C. merienda de primer a cuarto a\u00f1o del turno tarde.<\/p>\n<p><em>Historia de la Instituci\u00f3n<\/em><\/p>\n<p>Corriendo el a\u00f1o 1924 y donde funcionaba el molino \u201cEl Progreso\u201d surgi\u00f3 una inquietud: Atender los reclamos de una comunidad ansiosa por brindar educaci\u00f3n a sus hijos, para ello se solicita la creaci\u00f3n de una escuela, la que comienza a funcionar en un rancho de barro y paja en ese momento lo dirige el Maestro Normal Teofilo Farcy y Elvira Maria Etchard de Pigni, primera Maestra de grado. Inicia la actividad con 36 alumnos de primer grado luego se abre segundo grado con 24 alumnos cuyas edades oscilaban entre los 8 y los 14 a\u00f1os.<br \/>\nLa creaci\u00f3n del proyecto de escuela del sector media un largo camino de gestiones y tramites ineludibles y es por ese motivo que compenetrados los directivos de la empresa \u201cMolinos R\u00edo de la Plata\u201d ante esta proyecci\u00f3n socio \u2013 cultural en una actitud espont\u00e1nea y comprometida con los trabajadores del sector, cedi\u00f3 una instalaci\u00f3n ubicada frente a los molinos harineros para que funcione all\u00ed la escuela que para esa \u00e9poca era de una necesidad imperiosa.<br \/>\nLa escuela N\u00b0 25 se sit\u00faa a 10 Km. de la ciudad de Tandil y tenia al momento de su creaci\u00f3n como piedra fundamental el prop\u00f3sito de \u201cDesarrollar sus actividades y ofrecer en peque\u00f1as dosis pero cotidianamente ese caudal que enriquece la vida del ni\u00f1o, desarrollando y fortaleciendo sus valores fundamentales como ser, como intelecto y como elemento social\u201d.<br \/>\nReci\u00e9n el 13 de Octubre de 1947 sorprende a la escuela un nuevo acontecimiento, se le impone el nombre de uno de los ciudadanos que por sus meritos hab\u00eda ejercido la primera magistratura del pa\u00eds \u201cPresidente Hip\u00f3lito Irigoyen\u201d, la curiosidad del nombre es que en pleno mandato del presidente Juan Domingo Per\u00f3n a la escuela le impon\u00edan el nombre de un presidente de otra l\u00ednea pol\u00edtica.<br \/>\nHoy en d\u00eda el molino \u201cEl Progreso\u201d ya no funciona, en el a\u00f1o 2000 se retiraron los \u00faltimos camiones de cereal, y el tren dej\u00f3 de funcionar quedando las v\u00edas muertas.<\/p>\n<p><strong>Caminata por las sierras<\/strong><\/p>\n<p>El lunes 14 de setiembre despu\u00e9s del mediod\u00eda todos los alumnos de los dos segundos de polimodal salieron a caminar por las sierras con los profesores de Educaci\u00f3n F\u00edsica Daniel Lingor, Laura Barrena, acompa\u00f1ados por preceptores, laboratorista y bibliotecaria.<br \/>\nNos toc\u00f3 una tarde muy agradable y el momento compartido fue muy ameno.<br \/>\nSaliendo por detr\u00e1s de la escuela y atravesando la sierra de la cruz llegamos hasta \u201clos dos Huecos\u201d, dos viejas canteras enfrentadas. All\u00ed nos detuvimos a compartir juegos, m\u00fasica y mates.<br \/>\nEl Profesor Daniel nos cont\u00f3 del lugar, de sus caracter\u00edsticas y de las conductas que corresponden en \u00e1reas naturales como esa.<br \/>\nCambiamos el recorrido de vuelta y retornamos por \u201cVilla del Lago\u201d.<br \/>\nLa caminata comenz\u00f3 a las 13 horas y culmin\u00f3 a las 15: 40 aproximadamente.<br \/>\nFue un buen momento de recreaci\u00f3n y aprendizaje compartido.<\/p>\n<\/div>\n\t\t<\/div><\/div><div id=\"pgc-878-1-1\"  class=\"panel-grid-cell\" ><div id=\"panel-878-1-1-0\" class=\"so-panel widget widget_lsi_widget panel-first-child\" data-index=\"2\" ><h3 class=\"widget-title\">Segu\u00ednos<\/h3><ul class=\"lsi-social-icons icon-set-widget-1-1-0\" style=\"text-align: left\"><li class=\"lsi-social-facebook\"><a class=\"\" rel=\"nofollow\" title=\"Facebook\" aria-label=\"Facebook\" href=\"https:\/\/www.facebook.com\/escuelanacional.ernestosabato\" target=\"_blank\"><i class=\"lsicon lsicon-facebook\"><\/i><\/a><\/li><li class=\"lsi-social-instagram\"><a class=\"\" rel=\"nofollow\" title=\"Instagram\" aria-label=\"Instagram\" href=\"https:\/\/www.instagram.com\/ernestoescsabato\/\" target=\"_blank\"><i class=\"lsicon lsicon-instagram\"><\/i><\/a><\/li><li class=\"lsi-social-twitter\"><a class=\"\" rel=\"nofollow\" title=\"Twitter\" aria-label=\"Twitter\" href=\"https:\/\/twitter.com\/escuela_sabato\" target=\"_blank\"><i class=\"lsicon lsicon-twitter\"><\/i><\/a><\/li><li class=\"lsi-social-youtube\"><a class=\"\" rel=\"nofollow\" title=\"YouTube\" aria-label=\"YouTube\" href=\"https:\/\/www.youtube.com\/channel\/UCpKc9ebFFPjy4Ta9y-xNJDg\" target=\"_blank\"><i class=\"lsicon lsicon-youtube\"><\/i><\/a><\/li><\/ul><\/div><div id=\"panel-878-1-1-1\" class=\"so-panel widget widget_text\" data-index=\"3\" >\t\t\t<div class=\"textwidget\"><p><img loading=\"lazy\" decoding=\"async\" class=\"alignnone size-medium wp-image-1070\" src=\"http:\/\/131.221.0.35\/wp-content\/uploads\/2020\/03\/radio_final-300x159.png\" alt=\"\" width=\"300\" height=\"159\" srcset=\"https:\/\/sabato.unicen.edu.ar\/wp-content\/uploads\/2020\/03\/radio_final-300x159.png 300w, https:\/\/sabato.unicen.edu.ar\/wp-content\/uploads\/2020\/03\/radio_final.png 348w\" sizes=\"(max-width: 300px) 100vw, 300px\" \/><\/p>\n<\/div>\n\t\t<\/div><div id=\"panel-878-1-1-2\" class=\"so-panel widget widget_text\" data-index=\"4\" >\t\t\t<div class=\"textwidget\"><p><a href=\"http:\/\/enes.comunidadeduar.com.ar\/\" target=\"_blank\" rel=\"noopener\"><img loading=\"lazy\" decoding=\"async\" class=\"alignnone size-medium wp-image-1079\" src=\"http:\/\/131.221.0.35\/wp-content\/uploads\/2020\/03\/logo-con-inscripcion_300-300x152.png\" alt=\"\" width=\"300\" height=\"152\" srcset=\"https:\/\/sabato.unicen.edu.ar\/wp-content\/uploads\/2020\/03\/logo-con-inscripcion_300-300x152.png 300w, https:\/\/sabato.unicen.edu.ar\/wp-content\/uploads\/2020\/03\/logo-con-inscripcion_300.png 324w\" sizes=\"(max-width: 300px) 100vw, 300px\" \/><\/a><\/p>\n<\/div>\n\t\t<\/div><div id=\"panel-878-1-1-3\" class=\"so-panel widget widget_text panel-last-child\" data-index=\"5\" >\t\t\t<div class=\"textwidget\"><p><a href=\"http:\/\/131.221.0.35\/wp-content\/uploads\/2020\/03\/CalendarioAcademico2020.pdf\" target=\"_blank\" rel=\"noopener\"><img loading=\"lazy\" decoding=\"async\" class=\"alignnone size-medium wp-image-1091\" src=\"http:\/\/131.221.0.35\/wp-content\/uploads\/2020\/03\/fondo-calendario-300x152.jpg\" alt=\"\" width=\"300\" height=\"152\" \/><\/a><\/p>\n<\/div>\n\t\t<\/div><\/div><\/div><\/div>","protected":false},"excerpt":{"rendered":"<p>Actividades Escolares Caminata y cocina r\u00fastica en cantera \u00abDos huecos\u00bb El d\u00eda 23 de agosto los alumnos de primer a\u00f1o A asistimos a la Cantera \u201cDos Huecos\u201d en una caminata con los docentes de Educaci\u00f3n F\u00edsica, preceptores y estudiantes del Profesorado de Educaci\u00f3n F\u00edsica. Partimos de la escuela Ernesto Sabato por la senda aer\u00f3bica del [&hellip;]<\/p>\n","protected":false},"author":1,"featured_media":0,"parent":0,"menu_order":0,"comment_status":"closed","ping_status":"closed","template":"","meta":{"footnotes":""},"_links":{"self":[{"href":"https:\/\/sabato.unicen.edu.ar\/index.php?rest_route=\/wp\/v2\/pages\/878"}],"collection":[{"href":"https:\/\/sabato.unicen.edu.ar\/index.php?rest_route=\/wp\/v2\/pages"}],"about":[{"href":"https:\/\/sabato.unicen.edu.ar\/index.php?rest_route=\/wp\/v2\/types\/page"}],"author":[{"embeddable":true,"href":"https:\/\/sabato.unicen.edu.ar\/index.php?rest_route=\/wp\/v2\/users\/1"}],"replies":[{"embeddable":true,"href":"https:\/\/sabato.unicen.edu.ar\/index.php?rest_route=%2Fwp%2Fv2%2Fcomments&post=878"}],"version-history":[{"count":6,"href":"https:\/\/sabato.unicen.edu.ar\/index.php?rest_route=\/wp\/v2\/pages\/878\/revisions"}],"predecessor-version":[{"id":1238,"href":"https:\/\/sabato.unicen.edu.ar\/index.php?rest_route=\/wp\/v2\/pages\/878\/revisions\/1238"}],"wp:attachment":[{"href":"https:\/\/sabato.unicen.edu.ar\/index.php?rest_route=%2Fwp%2Fv2%2Fmedia&parent=878"}],"curies":[{"name":"wp","href":"https:\/\/api.w.org\/{rel}","templated":true}]}}