{"id":597,"date":"2020-02-13T19:28:52","date_gmt":"2020-02-13T18:28:52","guid":{"rendered":"http:\/\/131.221.0.35\/?page_id=597"},"modified":"2020-04-13T03:23:34","modified_gmt":"2020-04-13T01:23:34","slug":"proyectos-institucionales-de-extension-vigentes","status":"publish","type":"page","link":"https:\/\/sabato.unicen.edu.ar\/?page_id=597","title":{"rendered":"Vigentes"},"content":{"rendered":"<div id=\"pl-597\"  class=\"panel-layout\" ><div id=\"pg-597-0\"  class=\"panel-grid panel-no-style\" ><div id=\"pgc-597-0-0\"  class=\"panel-grid-cell\" ><div id=\"panel-597-0-0-0\" class=\"so-panel widget widget_master-slider-main-widget master-slider-main-widget panel-first-child panel-last-child\" data-index=\"0\" >\n\t\t<!-- MasterSlider -->\n\t\t<div id=\"P_MS69ef46d317159\" class=\"master-slider-parent msl ms-parent-id-1\"  >\n\n\t\t\t\n\t\t\t<!-- MasterSlider Main -->\n\t\t\t<div id=\"MS69ef46d317159\" class=\"master-slider ms-skin-default\" >\n\t\t\t\t \t\t\t\t \n\t\t\t\t<div  class=\"ms-slide\" data-delay=\"3\" data-fill-mode=\"fill\"  >\n\t\t\t\t\t<img decoding=\"async\" src=\"https:\/\/sabato.unicen.edu.ar\/wp-content\/plugins\/master-slider\/public\/assets\/css\/blank.gif\" alt=\"\" title=\"\" data-src=\"https:\/\/sabato.unicen.edu.ar\/wp-content\/uploads\/2019\/08\/cropped-DSCN6534-1024x635-1000x420.jpg\" \/>\n\n\n\t<div class=\"ms-thumb\" ><div class=\"ms-tab-context\"><div class=&quot;ms-tab-context&quot;><\/div><\/div>\n<\/div>\n\t\t\t\t<\/div>\n\t\t\t\t<div  class=\"ms-slide\" data-delay=\"3\" data-fill-mode=\"fill\"  >\n\t\t\t\t\t<img decoding=\"async\" src=\"https:\/\/sabato.unicen.edu.ar\/wp-content\/plugins\/master-slider\/public\/assets\/css\/blank.gif\" alt=\"\" title=\"\" data-src=\"https:\/\/sabato.unicen.edu.ar\/wp-content\/uploads\/2019\/08\/cropped-DSCN6563-1024x692-1000x420.jpg\" \/>\n\n\n\t<div class=\"ms-thumb\" ><div class=\"ms-tab-context\"><div class=&quot;ms-tab-context&quot;><\/div><\/div>\n<\/div>\n\t\t\t\t<\/div>\n\n\t\t\t<\/div>\n\t\t\t<!-- END MasterSlider Main -->\n\n\t\t\t \n\t\t<\/div>\n\t\t<!-- END MasterSlider -->\n\n\t\t<script>\n\t\t(function ( $ ) {\n\t\t\t\"use strict\";\n\n\t\t\t$(function () {\n\t\t\t\tvar masterslider_7159 = new MasterSlider();\n\n\t\t\t\t\/\/ slider controls\n\n\t\t\t\t\/\/ slider setup\n\t\t\t\tmasterslider_7159.setup(\"MS69ef46d317159\", {\n\t\t\t\t\t\twidth           : 1000,\n\t\t\t\t\t\theight          : 420,\n\t\t\t\t\t\tminHeight       : 450,\n\t\t\t\t\t\tspace           : 0,\n\t\t\t\t\t\tstart           : 1,\n\t\t\t\t\t\tgrabCursor      : true,\n\t\t\t\t\t\tswipe           : true,\n\t\t\t\t\t\tmouse           : true,\n\t\t\t\t\t\tlayout          : \"fullwidth\",\n\t\t\t\t\t\twheel           : false,\n\t\t\t\t\t\tautoplay        : true,\n\t\t\t\t\t\tinstantStartLayers:false,\n\t\t\t\t\t\tloop            : false,\n\t\t\t\t\t\tshuffle         : false,\n\t\t\t\t\t\tpreload         : 0,\n\t\t\t\t\t\theightLimit     : true,\n\t\t\t\t\t\tautoHeight      : false,\n\t\t\t\t\t\tsmoothHeight    : true,\n\t\t\t\t\t\tendPause        : false,\n\t\t\t\t\t\toverPause       : false,\n\t\t\t\t\t\tfillMode        : \"fill\",\n\t\t\t\t\t\tcenterControls  : true,\n\t\t\t\t\t\tstartOnAppear   : false,\n\t\t\t\t\t\tlayersMode      : \"center\",\n\t\t\t\t\t\thideLayers      : false,\n\t\t\t\t\t\tfullscreenMargin: 0,\n\t\t\t\t\t\tspeed           : 20,\n\t\t\t\t\t\tdir             : \"h\",\n\t\t\t\t\t\tparallaxMode    : 'swipe',\n\t\t\t\t\t\tview            : \"basic\"\n\t\t\t\t});\n\n\t\t\t\t\n\t\t\t\twindow.masterslider_instances = window.masterslider_instances || [];\n\t\t\t\twindow.masterslider_instances.push( masterslider_7159 );\n\t\t\t });\n\n\t\t})(jQuery);\n\t\t<\/script>\n\n<\/div><\/div><\/div><div id=\"pg-597-1\"  class=\"panel-grid panel-no-style\" ><div id=\"pgc-597-1-0\"  class=\"panel-grid-cell\" ><div id=\"panel-597-1-0-0\" class=\"so-panel widget widget_text panel-first-child panel-last-child\" data-index=\"1\" >\t\t\t<div class=\"textwidget\"><h2><em> Proyectos Vigentes<\/em><\/h2>\n<div><a href=\"http:\/\/131.221.0.35\/?page_id=451\">Al resguardo de la Memoria Institucional <\/a><img loading=\"lazy\" decoding=\"async\" class=\"alignleft wp-image-481\" src=\"http:\/\/131.221.0.35\/wp-content\/uploads\/2019\/12\/resguardo_inst-300x200.jpg\" alt=\"\" width=\"56\" height=\"37\" \/><\/div>\n<p>&nbsp;<\/p>\n<div><a href=\"http:\/\/131.221.0.35\/?page_id=482\">Programa de Educaci\u00f3n Sexual Integral de la ENES<\/a><img loading=\"lazy\" decoding=\"async\" class=\"alignleft wp-image-485\" src=\"http:\/\/131.221.0.35\/wp-content\/uploads\/2019\/12\/esi-300x256.jpg\" alt=\"\" width=\"40\" height=\"34\" srcset=\"https:\/\/sabato.unicen.edu.ar\/wp-content\/uploads\/2019\/12\/esi-300x256.jpg 300w, https:\/\/sabato.unicen.edu.ar\/wp-content\/uploads\/2019\/12\/esi.jpg 500w\" sizes=\"(max-width: 40px) 100vw, 40px\" \/><\/div>\n<p>&nbsp;<\/p>\n<div><a href=\"http:\/\/131.221.0.35\/wp-content\/uploads\/2019\/12\/proyecto_preceptor_2016.pdf\">Hacia adentro y hacia afuera: un proyecto de comunicaci\u00f3n institucional para la escuela<\/a><a href=\"http:\/\/131.221.0.35\/wp-content\/uploads\/2019\/12\/proyecto_preceptor_2016.pdf\"><img loading=\"lazy\" decoding=\"async\" class=\"alignleft wp-image-487\" src=\"http:\/\/131.221.0.35\/wp-content\/uploads\/2019\/12\/comunicacion.jpg\" alt=\"\" width=\"40\" height=\"34\" \/><\/a><\/div>\n<p>&nbsp;<\/p>\n<div><a href=\"http:\/\/131.221.0.35\/?page_id=473\">Museo de Tecnolog\u00edas de la Informaci\u00f3n, Comunicaci\u00f3n y Entretenimientos <\/a><img loading=\"lazy\" decoding=\"async\" class=\"alignleft wp-image-481\" src=\"http:\/\/131.221.0.35\/wp-content\/uploads\/2019\/12\/museo.jpg\" alt=\"\" width=\"40\" height=\"34\" \/><\/div>\n<p>&nbsp;<\/p>\n<div><a href=\"http:\/\/131.221.0.35\/?page_id=543\">Viaje de estudio &#8211; Espacio curricular Geograf\u00eda<\/a><img loading=\"lazy\" decoding=\"async\" class=\"alignleft wp-image-540\" src=\"http:\/\/131.221.0.35\/wp-content\/uploads\/2020\/02\/550639_4350778684910_1711095120_n.jpg\" alt=\"\" width=\"45\" height=\"40\" \/><\/div>\n<p>&nbsp;<\/p>\n<div><a href=\"http:\/\/131.221.0.35\/?page_id=663\">Barriadas<\/a><img loading=\"lazy\" decoding=\"async\" class=\"alignleft wp-image-540\" src=\"http:\/\/131.221.0.35\/wp-content\/uploads\/2020\/03\/barriadas.png\" alt=\"\" width=\"45\" height=\"40\" \/><\/div>\n<p>&nbsp;<\/p>\n<div><a href=\"http:\/\/131.221.0.35\/?page_id=1043\">Promoci\u00f3n de Lectura &#8211; La formaci\u00f3n del lector literario<\/a><img loading=\"lazy\" decoding=\"async\" class=\"alignleft wp-image-540\" src=\"http:\/\/131.221.0.35\/wp-content\/uploads\/2020\/03\/creditos.jpg\" alt=\"\" width=\"45\" height=\"40\" \/><\/div>\n<p>&nbsp;<\/p>\n<div><a href=\"http:\/\/131.221.0.35\/?page_id=947\">Olimp\u00edadas de Econom\u00eda y Gesti\u00f3n para el nivel secundario<\/a><img loading=\"lazy\" decoding=\"async\" class=\"alignleft wp-image-540\" src=\"http:\/\/131.221.0.35\/wp-content\/uploads\/2020\/03\/olimp_eco_6.jpg\" alt=\"\" width=\"45\" height=\"40\" \/><\/div>\n<p>&nbsp;<\/p>\n<div><a href=\"http:\/\/131.221.0.35\/?page_id=615\">Jovenes y Memoria<\/a><img loading=\"lazy\" decoding=\"async\" class=\"alignleft wp-image-540\" src=\"http:\/\/131.221.0.35\/wp-content\/uploads\/2020\/02\/jovenesymemoria.jpg\" alt=\"\" width=\"45\" height=\"40\" \/><\/div>\n<p>&nbsp;<\/p>\n<\/div>\n\t\t<\/div><\/div><div id=\"pgc-597-1-1\"  class=\"panel-grid-cell\" ><div id=\"panel-597-1-1-0\" class=\"so-panel widget widget_lsi_widget panel-first-child\" data-index=\"2\" ><h3 class=\"widget-title\">Segu\u00ednos<\/h3><ul class=\"lsi-social-icons icon-set-widget-1-1-0\" style=\"text-align: left\"><li class=\"lsi-social-facebook\"><a class=\"\" rel=\"nofollow\" title=\"Facebook\" aria-label=\"Facebook\" href=\"https:\/\/www.facebook.com\/escuelanacional.ernestosabato\" target=\"_blank\"><i class=\"lsicon lsicon-facebook\"><\/i><\/a><\/li><li class=\"lsi-social-instagram\"><a class=\"\" rel=\"nofollow\" title=\"Instagram\" aria-label=\"Instagram\" href=\"https:\/\/www.instagram.com\/ernestoescsabato\/\" target=\"_blank\"><i class=\"lsicon lsicon-instagram\"><\/i><\/a><\/li><li class=\"lsi-social-twitter\"><a class=\"\" rel=\"nofollow\" title=\"Twitter\" aria-label=\"Twitter\" href=\"https:\/\/twitter.com\/escuela_sabato\" target=\"_blank\"><i class=\"lsicon lsicon-twitter\"><\/i><\/a><\/li><li class=\"lsi-social-youtube\"><a class=\"\" rel=\"nofollow\" title=\"YouTube\" aria-label=\"YouTube\" href=\"https:\/\/www.youtube.com\/channel\/UCpKc9ebFFPjy4Ta9y-xNJDg\" target=\"_blank\"><i class=\"lsicon lsicon-youtube\"><\/i><\/a><\/li><\/ul><\/div><div id=\"panel-597-1-1-1\" class=\"so-panel widget widget_text\" data-index=\"3\" >\t\t\t<div class=\"textwidget\"><p><img loading=\"lazy\" decoding=\"async\" class=\"alignnone size-medium wp-image-1070\" src=\"http:\/\/131.221.0.35\/wp-content\/uploads\/2020\/03\/radio_final-300x159.png\" alt=\"\" width=\"300\" height=\"159\" srcset=\"https:\/\/sabato.unicen.edu.ar\/wp-content\/uploads\/2020\/03\/radio_final-300x159.png 300w, https:\/\/sabato.unicen.edu.ar\/wp-content\/uploads\/2020\/03\/radio_final.png 348w\" sizes=\"(max-width: 300px) 100vw, 300px\" \/><\/p>\n<\/div>\n\t\t<\/div><div id=\"panel-597-1-1-2\" class=\"so-panel widget widget_text\" data-index=\"4\" >\t\t\t<div class=\"textwidget\"><p><a href=\"http:\/\/enes.comunidadeduar.com.ar\/\" target=\"_blank\" rel=\"noopener\"><img loading=\"lazy\" decoding=\"async\" class=\"alignnone size-medium wp-image-1079\" src=\"http:\/\/131.221.0.35\/wp-content\/uploads\/2020\/03\/logo-con-inscripcion_300-300x152.png\" alt=\"\" width=\"300\" height=\"152\" srcset=\"https:\/\/sabato.unicen.edu.ar\/wp-content\/uploads\/2020\/03\/logo-con-inscripcion_300-300x152.png 300w, https:\/\/sabato.unicen.edu.ar\/wp-content\/uploads\/2020\/03\/logo-con-inscripcion_300.png 324w\" sizes=\"(max-width: 300px) 100vw, 300px\" \/><\/a><\/p>\n<\/div>\n\t\t<\/div><div id=\"panel-597-1-1-3\" class=\"so-panel widget widget_text panel-last-child\" data-index=\"5\" >\t\t\t<div class=\"textwidget\"><p><a href=\"http:\/\/131.221.0.35\/wp-content\/uploads\/2020\/03\/CalendarioAcademico2020.pdf\" target=\"_blank\" rel=\"noopener\"><img loading=\"lazy\" decoding=\"async\" class=\"alignnone size-medium wp-image-1091\" src=\"http:\/\/131.221.0.35\/wp-content\/uploads\/2020\/03\/fondo-calendario-300x152.jpg\" alt=\"\" width=\"300\" height=\"152\" \/><\/a><\/p>\n<\/div>\n\t\t<\/div><\/div><\/div><\/div>","protected":false},"excerpt":{"rendered":"<p>Proyectos Vigentes Al resguardo de la Memoria Institucional &nbsp; Programa de Educaci\u00f3n Sexual Integral de la ENES &nbsp; Hacia adentro y hacia afuera: un proyecto de comunicaci\u00f3n institucional para la escuela &nbsp; Museo de Tecnolog\u00edas de la Informaci\u00f3n, Comunicaci\u00f3n y Entretenimientos &nbsp; Viaje de estudio &#8211; Espacio curricular Geograf\u00eda &nbsp; Barriadas &nbsp; Promoci\u00f3n de Lectura [&hellip;]<\/p>\n","protected":false},"author":1,"featured_media":0,"parent":0,"menu_order":0,"comment_status":"closed","ping_status":"closed","template":"","meta":{"footnotes":""},"_links":{"self":[{"href":"https:\/\/sabato.unicen.edu.ar\/index.php?rest_route=\/wp\/v2\/pages\/597"}],"collection":[{"href":"https:\/\/sabato.unicen.edu.ar\/index.php?rest_route=\/wp\/v2\/pages"}],"about":[{"href":"https:\/\/sabato.unicen.edu.ar\/index.php?rest_route=\/wp\/v2\/types\/page"}],"author":[{"embeddable":true,"href":"https:\/\/sabato.unicen.edu.ar\/index.php?rest_route=\/wp\/v2\/users\/1"}],"replies":[{"embeddable":true,"href":"https:\/\/sabato.unicen.edu.ar\/index.php?rest_route=%2Fwp%2Fv2%2Fcomments&post=597"}],"version-history":[{"count":19,"href":"https:\/\/sabato.unicen.edu.ar\/index.php?rest_route=\/wp\/v2\/pages\/597\/revisions"}],"predecessor-version":[{"id":1228,"href":"https:\/\/sabato.unicen.edu.ar\/index.php?rest_route=\/wp\/v2\/pages\/597\/revisions\/1228"}],"wp:attachment":[{"href":"https:\/\/sabato.unicen.edu.ar\/index.php?rest_route=%2Fwp%2Fv2%2Fmedia&parent=597"}],"curies":[{"name":"wp","href":"https:\/\/api.w.org\/{rel}","templated":true}]}}

<div id="pl-597"  class="panel-layout" ><div id="pg-597-0"  class="panel-grid panel-no-style" ><div id="pgc-597-0-0"  class="panel-grid-cell" ><div id="panel-597-0-0-0" class="so-panel widget widget_master-slider-main-widget master-slider-main-widget panel-first-child panel-last-child" data-index="0" >
		<!-- MasterSlider -->
		<div id="P_MS69ef46d317159" class="master-slider-parent msl ms-parent-id-1"  >

			
			<!-- MasterSlider Main -->
			<div id="MS69ef46d317159" class="master-slider ms-skin-default" >
				 				 
				<div  class="ms-slide" data-delay="3" data-fill-mode="fill"  >
					<img decoding="async" src="https://sabato.unicen.edu.ar/wp-content/plugins/master-slider/public/assets/css/blank.gif" alt="" title="" data-src="https://sabato.unicen.edu.ar/wp-content/uploads/2019/08/cropped-DSCN6534-1024x635-1000x420.jpg" />


	<div class="ms-thumb" ><div class="ms-tab-context"><div class=&quot;ms-tab-context&quot;></div></div>
</div>
				</div>
				<div  class="ms-slide" data-delay="3" data-fill-mode="fill"  >
					<img decoding="async" src="https://sabato.unicen.edu.ar/wp-content/plugins/master-slider/public/assets/css/blank.gif" alt="" title="" data-src="https://sabato.unicen.edu.ar/wp-content/uploads/2019/08/cropped-DSCN6563-1024x692-1000x420.jpg" />


	<div class="ms-thumb" ><div class="ms-tab-context"><div class=&quot;ms-tab-context&quot;></div></div>
</div>
				</div>

			</div>
			<!-- END MasterSlider Main -->

			 
		</div>
		<!-- END MasterSlider -->

		<script>
		(function ( $ ) {
			"use strict";

			$(function () {
				var masterslider_7159 = new MasterSlider();

				// slider controls

				// slider setup
				masterslider_7159.setup("MS69ef46d317159", {
						width           : 1000,
						height          : 420,
						minHeight       : 450,
						space           : 0,
						start           : 1,
						grabCursor      : true,
						swipe           : true,
						mouse           : true,
						layout          : "fullwidth",
						wheel           : false,
						autoplay        : true,
						instantStartLayers:false,
						loop            : false,
						shuffle         : false,
						preload         : 0,
						heightLimit     : true,
						autoHeight      : false,
						smoothHeight    : true,
						endPause        : false,
						overPause       : false,
						fillMode        : "fill",
						centerControls  : true,
						startOnAppear   : false,
						layersMode      : "center",
						hideLayers      : false,
						fullscreenMargin: 0,
						speed           : 20,
						dir             : "h",
						parallaxMode    : 'swipe',
						view            : "basic"
				});

				
				window.masterslider_instances = window.masterslider_instances || [];
				window.masterslider_instances.push( masterslider_7159 );
			 });

		})(jQuery);
		</script>

</div></div></div><div id="pg-597-1"  class="panel-grid panel-no-style" ><div id="pgc-597-1-0"  class="panel-grid-cell" ><div id="panel-597-1-0-0" class="so-panel widget widget_text panel-first-child panel-last-child" data-index="1" >			<div class="textwidget"><h2><em> Proyectos Vigentes</em></h2>
<div><a href="http://131.221.0.35/?page_id=451">Al resguardo de la Memoria Institucional </a><img loading="lazy" decoding="async" class="alignleft wp-image-481" src="http://131.221.0.35/wp-content/uploads/2019/12/resguardo_inst-300x200.jpg" alt="" width="56" height="37" /></div>
<p>&nbsp;</p>
<div><a href="http://131.221.0.35/?page_id=482">Programa de Educación Sexual Integral de la ENES</a><img loading="lazy" decoding="async" class="alignleft wp-image-485" src="http://131.221.0.35/wp-content/uploads/2019/12/esi-300x256.jpg" alt="" width="40" height="34" srcset="https://sabato.unicen.edu.ar/wp-content/uploads/2019/12/esi-300x256.jpg 300w, https://sabato.unicen.edu.ar/wp-content/uploads/2019/12/esi.jpg 500w" sizes="(max-width: 40px) 100vw, 40px" /></div>
<p>&nbsp;</p>
<div><a href="http://131.221.0.35/wp-content/uploads/2019/12/proyecto_preceptor_2016.pdf">Hacia adentro y hacia afuera: un proyecto de comunicación institucional para la escuela</a><a href="http://131.221.0.35/wp-content/uploads/2019/12/proyecto_preceptor_2016.pdf"><img loading="lazy" decoding="async" class="alignleft wp-image-487" src="http://131.221.0.35/wp-content/uploads/2019/12/comunicacion.jpg" alt="" width="40" height="34" /></a></div>
<p>&nbsp;</p>
<div><a href="http://131.221.0.35/?page_id=473">Museo de Tecnologías de la Información, Comunicación y Entretenimientos </a><img loading="lazy" decoding="async" class="alignleft wp-image-481" src="http://131.221.0.35/wp-content/uploads/2019/12/museo.jpg" alt="" width="40" height="34" /></div>
<p>&nbsp;</p>
<div><a href="http://131.221.0.35/?page_id=543">Viaje de estudio &#8211; Espacio curricular Geografía</a><img loading="lazy" decoding="async" class="alignleft wp-image-540" src="http://131.221.0.35/wp-content/uploads/2020/02/550639_4350778684910_1711095120_n.jpg" alt="" width="45" height="40" /></div>
<p>&nbsp;</p>
<div><a href="http://131.221.0.35/?page_id=663">Barriadas</a><img loading="lazy" decoding="async" class="alignleft wp-image-540" src="http://131.221.0.35/wp-content/uploads/2020/03/barriadas.png" alt="" width="45" height="40" /></div>
<p>&nbsp;</p>
<div><a href="http://131.221.0.35/?page_id=1043">Promoción de Lectura &#8211; La formación del lector literario</a><img loading="lazy" decoding="async" class="alignleft wp-image-540" src="http://131.221.0.35/wp-content/uploads/2020/03/creditos.jpg" alt="" width="45" height="40" /></div>
<p>&nbsp;</p>
<div><a href="http://131.221.0.35/?page_id=947">Olimpíadas de Economía y Gestión para el nivel secundario</a><img loading="lazy" decoding="async" class="alignleft wp-image-540" src="http://131.221.0.35/wp-content/uploads/2020/03/olimp_eco_6.jpg" alt="" width="45" height="40" /></div>
<p>&nbsp;</p>
<div><a href="http://131.221.0.35/?page_id=615">Jovenes y Memoria</a><img loading="lazy" decoding="async" class="alignleft wp-image-540" src="http://131.221.0.35/wp-content/uploads/2020/02/jovenesymemoria.jpg" alt="" width="45" height="40" /></div>
<p>&nbsp;</p>
</div>
		</div></div><div id="pgc-597-1-1"  class="panel-grid-cell" ><div id="panel-597-1-1-0" class="so-panel widget widget_lsi_widget panel-first-child" data-index="2" ><h3 class="widget-title">Seguínos</h3><ul class="lsi-social-icons icon-set-widget-1-1-0" style="text-align: left"><li class="lsi-social-facebook"><a class="" rel="nofollow" title="Facebook" aria-label="Facebook" href="https://www.facebook.com/escuelanacional.ernestosabato" target="_blank"><i class="lsicon lsicon-facebook"></i></a></li><li class="lsi-social-instagram"><a class="" rel="nofollow" title="Instagram" aria-label="Instagram" href="https://www.instagram.com/ernestoescsabato/" target="_blank"><i class="lsicon lsicon-instagram"></i></a></li><li class="lsi-social-twitter"><a class="" rel="nofollow" title="Twitter" aria-label="Twitter" href="https://twitter.com/escuela_sabato" target="_blank"><i class="lsicon lsicon-twitter"></i></a></li><li class="lsi-social-youtube"><a class="" rel="nofollow" title="YouTube" aria-label="YouTube" href="https://www.youtube.com/channel/UCpKc9ebFFPjy4Ta9y-xNJDg" target="_blank"><i class="lsicon lsicon-youtube"></i></a></li></ul></div><div id="panel-597-1-1-1" class="so-panel widget widget_text" data-index="3" >			<div class="textwidget"><p><img loading="lazy" decoding="async" class="alignnone size-medium wp-image-1070" src="http://131.221.0.35/wp-content/uploads/2020/03/radio_final-300x159.png" alt="" width="300" height="159" srcset="https://sabato.unicen.edu.ar/wp-content/uploads/2020/03/radio_final-300x159.png 300w, https://sabato.unicen.edu.ar/wp-content/uploads/2020/03/radio_final.png 348w" sizes="(max-width: 300px) 100vw, 300px" /></p>
</div>
		</div><div id="panel-597-1-1-2" class="so-panel widget widget_text" data-index="4" >			<div class="textwidget"><p><a href="http://enes.comunidadeduar.com.ar/" target="_blank" rel="noopener"><img loading="lazy" decoding="async" class="alignnone size-medium wp-image-1079" src="http://131.221.0.35/wp-content/uploads/2020/03/logo-con-inscripcion_300-300x152.png" alt="" width="300" height="152" srcset="https://sabato.unicen.edu.ar/wp-content/uploads/2020/03/logo-con-inscripcion_300-300x152.png 300w, https://sabato.unicen.edu.ar/wp-content/uploads/2020/03/logo-con-inscripcion_300.png 324w" sizes="(max-width: 300px) 100vw, 300px" /></a></p>
</div>
		</div><div id="panel-597-1-1-3" class="so-panel widget widget_text panel-last-child" data-index="5" >			<div class="textwidget"><p><a href="http://131.221.0.35/wp-content/uploads/2020/03/CalendarioAcademico2020.pdf" target="_blank" rel="noopener"><img loading="lazy" decoding="async" class="alignnone size-medium wp-image-1091" src="http://131.221.0.35/wp-content/uploads/2020/03/fondo-calendario-300x152.jpg" alt="" width="300" height="152" /></a></p>
</div>
		</div></div></div></div>

<p>Proyectos Vigentes Al resguardo de la Memoria Institucional &nbsp; Programa de Educación Sexual Integral de la ENES &nbsp; Hacia adentro y hacia afuera: un proyecto de comunicación institucional para la escuela &nbsp; Museo de Tecnologías de la Información, Comunicación y Entretenimientos &nbsp; Viaje de estudio &#8211; Espacio curricular Geografía &nbsp; Barriadas &nbsp; Promoción de Lectura [&hellip;]</p>
