{"id":1562,"date":"2022-05-16T17:16:17","date_gmt":"2022-05-16T15:16:17","guid":{"rendered":"http:\/\/unicen.edu.ar\/sabato\/?page_id=1562"},"modified":"2025-05-08T13:01:30","modified_gmt":"2025-05-08T16:01:30","slug":"estadisticas-institucionales","status":"publish","type":"page","link":"https:\/\/sabato.unicen.edu.ar\/?page_id=1562","title":{"rendered":"Estad\u00edsticas Institucionales"},"content":{"rendered":"<div id=\"pl-1562\"  class=\"panel-layout\" ><div id=\"pg-1562-0\"  class=\"panel-grid panel-no-style\" ><div id=\"pgc-1562-0-0\"  class=\"panel-grid-cell\" ><div id=\"panel-1562-0-0-0\" class=\"so-panel widget widget_master-slider-main-widget master-slider-main-widget panel-first-child panel-last-child\" data-index=\"0\" >\n\t\t<!-- MasterSlider -->\n\t\t<div id=\"P_MS69e3024a8bbcb\" class=\"master-slider-parent msl ms-parent-id-1\"  >\n\n\t\t\t\n\t\t\t<!-- MasterSlider Main -->\n\t\t\t<div id=\"MS69e3024a8bbcb\" class=\"master-slider ms-skin-default\" >\n\t\t\t\t \t\t\t\t \n\t\t\t\t<div  class=\"ms-slide\" data-delay=\"3\" data-fill-mode=\"fill\"  >\n\t\t\t\t\t<img decoding=\"async\" src=\"https:\/\/sabato.unicen.edu.ar\/wp-content\/plugins\/master-slider\/public\/assets\/css\/blank.gif\" alt=\"\" title=\"\" data-src=\"https:\/\/sabato.unicen.edu.ar\/wp-content\/uploads\/2019\/08\/cropped-DSCN6534-1024x635-1000x420.jpg\" \/>\n\n\n\t<div class=\"ms-thumb\" ><div class=\"ms-tab-context\"><div class=&quot;ms-tab-context&quot;><\/div><\/div>\n<\/div>\n\t\t\t\t<\/div>\n\t\t\t\t<div  class=\"ms-slide\" data-delay=\"3\" data-fill-mode=\"fill\"  >\n\t\t\t\t\t<img decoding=\"async\" src=\"https:\/\/sabato.unicen.edu.ar\/wp-content\/plugins\/master-slider\/public\/assets\/css\/blank.gif\" alt=\"\" title=\"\" data-src=\"https:\/\/sabato.unicen.edu.ar\/wp-content\/uploads\/2019\/08\/cropped-DSCN6563-1024x692-1000x420.jpg\" \/>\n\n\n\t<div class=\"ms-thumb\" ><div class=\"ms-tab-context\"><div class=&quot;ms-tab-context&quot;><\/div><\/div>\n<\/div>\n\t\t\t\t<\/div>\n\n\t\t\t<\/div>\n\t\t\t<!-- END MasterSlider Main -->\n\n\t\t\t \n\t\t<\/div>\n\t\t<!-- END MasterSlider -->\n\n\t\t<script>\n\t\t(function ( $ ) {\n\t\t\t\"use strict\";\n\n\t\t\t$(function () {\n\t\t\t\tvar masterslider_bbcb = new MasterSlider();\n\n\t\t\t\t\/\/ slider controls\n\n\t\t\t\t\/\/ slider setup\n\t\t\t\tmasterslider_bbcb.setup(\"MS69e3024a8bbcb\", {\n\t\t\t\t\t\twidth           : 1000,\n\t\t\t\t\t\theight          : 420,\n\t\t\t\t\t\tminHeight       : 450,\n\t\t\t\t\t\tspace           : 0,\n\t\t\t\t\t\tstart           : 1,\n\t\t\t\t\t\tgrabCursor      : true,\n\t\t\t\t\t\tswipe           : true,\n\t\t\t\t\t\tmouse           : true,\n\t\t\t\t\t\tlayout          : \"fullwidth\",\n\t\t\t\t\t\twheel           : false,\n\t\t\t\t\t\tautoplay        : true,\n\t\t\t\t\t\tinstantStartLayers:false,\n\t\t\t\t\t\tloop            : false,\n\t\t\t\t\t\tshuffle         : false,\n\t\t\t\t\t\tpreload         : 0,\n\t\t\t\t\t\theightLimit     : true,\n\t\t\t\t\t\tautoHeight      : false,\n\t\t\t\t\t\tsmoothHeight    : true,\n\t\t\t\t\t\tendPause        : false,\n\t\t\t\t\t\toverPause       : false,\n\t\t\t\t\t\tfillMode        : \"fill\",\n\t\t\t\t\t\tcenterControls  : true,\n\t\t\t\t\t\tstartOnAppear   : false,\n\t\t\t\t\t\tlayersMode      : \"center\",\n\t\t\t\t\t\thideLayers      : false,\n\t\t\t\t\t\tfullscreenMargin: 0,\n\t\t\t\t\t\tspeed           : 20,\n\t\t\t\t\t\tdir             : \"h\",\n\t\t\t\t\t\tparallaxMode    : 'swipe',\n\t\t\t\t\t\tview            : \"basic\"\n\t\t\t\t});\n\n\t\t\t\t\n\t\t\t\twindow.masterslider_instances = window.masterslider_instances || [];\n\t\t\t\twindow.masterslider_instances.push( masterslider_bbcb );\n\t\t\t });\n\n\t\t})(jQuery);\n\t\t<\/script>\n\n<\/div><\/div><\/div><div id=\"pg-1562-1\"  class=\"panel-grid panel-no-style\" ><div id=\"pgc-1562-1-0\"  class=\"panel-grid-cell panel-grid-cell-mobile-last\" ><div id=\"panel-1562-1-0-0\" class=\"so-panel widget widget_text panel-first-child panel-last-child\" data-index=\"1\" >\t\t\t<div class=\"textwidget\"><h2><em>Estad\u00edsticas Institucionales<\/em><\/h2>\n<p><a href=\"https:\/\/sabato.unicen.edu.ar\/wp-content\/uhttps:\/\/sabato.unicen.edu.ar\/wp-content\/uploads\/2025\/05\/INFORME-EV-DOCENTE-ORIENTACION-2013-2023.pdf\">Evaluaci\u00f3n Docente de Orientaciones de 2023<\/a><\/p>\n<p><a href=\"https:\/\/sabato.unicen.edu.ar\/wp-content\/uploads\/2025\/05\/INFORME-DESEMPENO-PRECEPTORES-2023-.pdf\">Evaluaci\u00f3n de Preceptores 2023<\/a><\/p>\n<p><a href=\"https:\/\/sabato.unicen.edu.ar\/wp-content\/uploads\/2025\/05\/INFORME-DESGRANAMIENTO-2004-2023.pdf\">Estad\u00edsticas Desgranamiento 2004 &#8211; 2023<\/a><\/p>\n<p><a href=\"https:\/\/sabato.unicen.edu.ar\/wp-content\/uploads\/2024\/03\/TRAYECTORIA-DE-EGRESADOS-ENES-2022.pdf\">Trayectoria Educativa Egresados 2006 &#8211; 2022<\/a><\/p>\n<p><a href=\"https:\/\/sabato.unicen.edu.ar\/wp-content\/uploads\/2024\/03\/Ausentismo-2019.pdf\">Informe Estad\u00edstico de Ausentismo Docente 2013 &#8211; 2019<\/a><\/p>\n<p><a href=\"https:\/\/sabato.unicen.edu.ar\/wp-content\/uploads\/2024\/03\/N-ALUMNOS-Y-ESC.-PROCEDENCIA-2023.pdf\">Cantidad de Alumnos y Escuelas de Procedencia<\/a><\/p>\n<p><a href=\"https:\/\/sabato.unicen.edu.ar\/wp-content\/uploads\/2025\/05\/INFORME-EVALUACION-DOCENTE-DE-ESPACIOS-CURRICULARES-2009-2023.pdf\">Evaluaci\u00f3n Docente &#8211; Serie Hist\u00f3rica 2009 &#8211; 2023<\/a><\/p>\n<p>Biblioteca<\/p>\n<p><a href=\"https:\/\/sabato.unicen.edu.ar\/wp-content\/uploads\/2019\/10\/informe_padres_2006_-_2009_-_2012_-_2015.pdf\">Evaluaci\u00f3n de Padres<\/a><\/p>\n<p><a href=\"https:\/\/sabato.unicen.edu.ar\/wp-content\/uploads\/2025\/05\/INFORME-NIVEL-EDUCATIVO-PADRES-2004-2023.pdf\">Nivel Educativo Promedio de los Padres de la ENES<\/a><\/p>\n<p><a href=\"https:\/\/sabato.unicen.edu.ar\/wp-content\/uploads\/2024\/03\/Analisis-Matricula-ingresos-egresos-ENES-2004-2022.pdf\">An\u00e1lisis de Matricula: &#8211; Egresos 2004 &#8211; 2022<\/a><\/p>\n<\/div>\n\t\t<\/div><\/div><div id=\"pgc-1562-1-1\"  class=\"panel-grid-cell panel-grid-cell-empty\" ><\/div><\/div><\/div>","protected":false},"excerpt":{"rendered":"<p>Estad\u00edsticas Institucionales Evaluaci\u00f3n Docente de Orientaciones de 2023 Evaluaci\u00f3n de Preceptores 2023 Estad\u00edsticas Desgranamiento 2004 &#8211; 2023 Trayectoria Educativa Egresados 2006 &#8211; 2022 Informe Estad\u00edstico de Ausentismo Docente 2013 &#8211; 2019 Cantidad de Alumnos y Escuelas de Procedencia Evaluaci\u00f3n Docente &#8211; Serie Hist\u00f3rica 2009 &#8211; 2023 Biblioteca Evaluaci\u00f3n de Padres Nivel Educativo Promedio de los [&hellip;]<\/p>\n","protected":false},"author":1,"featured_media":0,"parent":0,"menu_order":0,"comment_status":"closed","ping_status":"closed","template":"","meta":{"footnotes":""},"_links":{"self":[{"href":"https:\/\/sabato.unicen.edu.ar\/index.php?rest_route=\/wp\/v2\/pages\/1562"}],"collection":[{"href":"https:\/\/sabato.unicen.edu.ar\/index.php?rest_route=\/wp\/v2\/pages"}],"about":[{"href":"https:\/\/sabato.unicen.edu.ar\/index.php?rest_route=\/wp\/v2\/types\/page"}],"author":[{"embeddable":true,"href":"https:\/\/sabato.unicen.edu.ar\/index.php?rest_route=\/wp\/v2\/users\/1"}],"replies":[{"embeddable":true,"href":"https:\/\/sabato.unicen.edu.ar\/index.php?rest_route=%2Fwp%2Fv2%2Fcomments&post=1562"}],"version-history":[{"count":12,"href":"https:\/\/sabato.unicen.edu.ar\/index.php?rest_route=\/wp\/v2\/pages\/1562\/revisions"}],"predecessor-version":[{"id":1790,"href":"https:\/\/sabato.unicen.edu.ar\/index.php?rest_route=\/wp\/v2\/pages\/1562\/revisions\/1790"}],"wp:attachment":[{"href":"https:\/\/sabato.unicen.edu.ar\/index.php?rest_route=%2Fwp%2Fv2%2Fmedia&parent=1562"}],"curies":[{"name":"wp","href":"https:\/\/api.w.org\/{rel}","templated":true}]}}